*g + o, -5*g = -0*j - 4*j + 51. What is the remainder when 17 is divided by j?
8
Let o = 21 + -9. Let c = -3000 - -3043. Calculate the remainder when c is divided by o.
7
Let v(j) = 27*j**3 - 2*j**2. Calculate the remainder when 523 is divided by v(1).
23
Suppose 0 = h + 1 + 1. Let u be (-16)/(-80) + (-9)/(-5). Calculate the remainder when (-117)/(-1) - (u - h) is divided by 19.
18
Suppose -3*r + 2*h = 77, -29 = -5*r + 4*h - 158. Let c be -1*3*(-18 - -1). Let n = r + c. Calculate the remainder when n is divided by 9.
8
Suppose -4*u + 168 = -2*g, -2*u - 2*g = -6*g - 78. What is the remainder when 228 is divided by u?
13
Let i(m) = -42*m**3 + 4*m + 2. What is the remainder when 118 is divided by i(-1)?
38
Suppose 5*k + 2*y - 1826 = -0*y, 5*y = -10. What is the remainder when k is divided by 46?
44
What is the remainder when ((-12)/(-10))/(((-429)/110)/(-13)) is divided by 4?
0
Let c = -59 + 86. Calculate the remainder when c is divided by ((-30)/(-25)*1)/((-2)/(-10)).
3
Let s be 2 + 10/(-4) + 5/10. Suppose -4*w = d - 184, -w - 7*d + 5*d + 46 = s. What is the remainder when w is divided by 13?
7
Let m be -20 - -20 - (-3 + -1). Calculate the remainder when 123 is divided by m/(-8) - 111/(-6).
15
Suppose -3*y + 22 = i, 0 = -3*i + 2*y - 5*y + 36. Suppose -2*x = -i*x + 470. Calculate the remainder when (-12)/18 - x/(-6) is divided by 8.
7
Let u(p) = -6*p**2 + 196*p - 36. Calculate the remainder when u(32) is divided by 24.
20
Let z = -46 - -53. Let i = -3 + 5. What is the remainder when z is divided by i?
1
Let w = -5874 - -5902. Suppose -5*r + 4*a = -64, 3*r + 4*a = 71 - 7. Calculate the remainder when w is divided by r.
12
Let j(t) = 5*t + 2. Let v = 3145 + -3124. What is the remainder when v is divided by j(2)?
9
Let l(g) = -g**3 + 2*g**2 - 5*g + 354. What is the remainder when l(0) is divided by 51?
48
Let d = -12 + 40. Calculate the remainder when d is divided by (6 + (1 - 33/4))*-8.
8
Let n(f) = -8*f - 231. Let z be n(0). Let v = -84 - z. What is the remainder when v is divided by 10?
7
Suppose 6*j = 2*j + 80. Let g be (-1 - -21)*(-25)/20. Let c = j - g. Calculate the remainder when c is divided by 12.
9
Let i(c) = c**2 + 11*c + 25. Let u = -69 + 60. What is the remainder when i(u) is divided by 3?
1
Suppose 0 = -3*p + 5*q + 76 - 10, -66 = -3*p + 4*q. Let l = -1089 + 1176. What is the remainder when l is divided by p?
21
What is the remainder when (-1)/(3*(-2)/318) is divided by 14?
11
Suppose 63 = 5*w - 197. What is the remainder when w is divided by 11?
8
Let n(y) = -4*y**2. Let j be n(-1). Let l(g) = -g**3 - g**2 + 2*g - 2. Let k be l(j). Let t = k - 21. What is the remainder when 50 is divided by t?
16
Let a(u) = u**3 - 9*u**2 + 15*u - 1. Let s be a(7). Let r(t) = 2*t - 4. Calculate the remainder when r(s) is divided by 3.
2
Let u = 1282 - 748. What is the remainder when u is divided by 11?
6
Let f be 1/(212/71 - 3). Let u = f + 134. Let g(b) = 29*b - 7. What is the remainder when u is divided by g(1)?
19
Let s(q) = 13*q**2 - 34*q + 83. Calculate the remainder when s(7) is divided by 29.
18
Suppose 0 = -2*t + g + 24 + 3, -5 = -g. What is the remainder when (-2 - t/12)*-6 is divided by 11?
9
Let y(r) = 8*r**2 + r - 7. Calculate the remainder when 3/(-12) - 637/(-4) is divided by y(2).
24
Let r = -319 + 561. Calculate the remainder when r is divided by 35.
32
Let g = -756 + 1894. Calculate the remainder when g is divided by 5.
3
Let w(b) = b**2 - 4*b - 19. Let h(i) = i**2 - 3*i - 20. Let o(c) = 4*h(c) - 5*w(c). What is the remainder when o(7) is divided by 6?
4
Let y(a) = a**2 - 2*a - 30. Let u be y(-5). Let c(m) = -12*m - 7. What is the remainder when c(-6) is divided by ((-34)/(-4))/(u/(-1 + 11))?
14
Suppose 4*s = -3*r + 239, -2*r + 234 = -4*s + 8*s. What is the remainder when 147 is divided by s?
35
Let w(j) = 17*j**2 - 1 + 9*j**2 - 19*j**2 + 3. Calculate the remainder when w(-3) is divided by 4.
1
Suppose -12 = -q - 0*w - w, 0 = 4*q - 2*w - 48. Calculate the remainder when 15 is divided by q.
3
Let p be (-10)/(-15) - (-38)/6. Suppose p*q - 91 = 2*q - y, 0 = -4*q + 3*y + 88. Calculate the remainder when 50 is divided by q.
12
Suppose 21*v - 54 = 15*v. Let y = -17 - -24. Suppose -y*x = -5 - v. What is the remainder when 9 is divided by x?
1
Let p = 20 - 14. Let w = 21 - p. Calculate the remainder when (-88)/(-154) + (-370)/(-14) is divided by w.
12
Let a = 205 - 143. Calculate the remainder when a is divided by (-1058)/(-69) - (-1*3 + (-28)/(-12)).
14
Let s(i) = -i**3 + 3*i**2 + 19*i - 9. Calculate the remainder when 214 is divided by s(5).
34
What is the remainder when ((-342)/36)/(1/(-4)) is divided by 124/9 + 6/27?
10
What is the remainder when ((-864)/(-15))/((-3)/(-10)) is divided by 22?
16
Suppose -4*l = 20, 5*l + 0*l + 118 = i. What is the remainder when 743 is divided by i?
92
Let h(s) = -3*s - 23. Calculate the remainder when 518 is divided by h(-37).
78
Let p(d) = 74*d**2 + 24*d - 40. Calculate the remainder when p(2) is divided by 81.
61
Let o(v) = v**3 + 6*v**2 - v + 1. Let t be -3 + (-1 + -3 - -1). Let w be o(t). Suppose 105 = w*r - 14. What is the remainder when r is divided by 5?
2
Let i = 22 - 12. Suppose -4*p + 8 = -0. Suppose -3*l + p*l = -37. What is the remainder when l is divided by i?
7
Suppose s + 4*s + 3 = b, 4*b + 5*s - 87 = 0. Let d be 48/(-5) - 2/5. Let p = b + d. Calculate the remainder when 14 is divided by p.
6
What is the remainder when 260 is divided by (-12 - 0)*437/(-76)?
53
Suppose 0 = -45*l + 26*l + 285. Calculate the remainder when 732 is divided by l.
12
Suppose 0*a = -3*a + 69. Suppose -y + 19 = -2*i, 0*y - a = -2*y - i. What is the remainder when (-6)/2 - 0 - -27 is divided by y?
11
Let l(x) = 4*x**2 + 4*x + 12. Suppose -56 = -2*i + i. Suppose -4*t + 2*t + i = 4*c, -2*c + t = -24. Calculate the remainder when l(-3) is divided by c.
10
Suppose 6*i - 4 = 8*i. Calculate the remainder when 76 is divided by 52*i*(-3)/12.
24
Let t be (-1)/(-4) - (-45)/12. Calculate the remainder when 17*(t + 0 + -2) is divided by 7.
6
Suppose -5*h - 3*j + 175 = 0, -2*h + 2*j - 12 + 82 = 0. Calculate the remainder when 206 is divided by h.
31
Suppose -2*k + 351 = 5*m, -m + 11*k - 13*k = -75. Calculate the remainder when m is divided by 8.
5
Let g = 167 - 81. Let x = -36 + g. What is the remainder when x is divided by 54/4 - 1/2?
11
Suppose -5*h = 25, -5*n + h = -1160 - 1300. Calculate the remainder when n is divided by 101.
87
Let q(x) = -x + 18. Suppose -46 = -2*w - w - 4*h, -8 = -2*w + 3*h. Let k = -4 - -17. What is the remainder when k is divided by q(w)?
5
Suppose -d = 2*j + 2*j - 22, d = 5*j - 14. Let s be (-1 + 0 + 1)/2. Suppose s = w - 11 - d. Calculate the remainder when w is divided by 6.
5
Let x(m) = 3*m - 49. What is the remainder when 164 is divided by x(20)?
10
Let y(t) = t**3 + 7*t**2 + 4*t - 7. Let b = -1087 + 1096. Calculate the remainder when b is divided by y(-6).
4
Suppose -3*l = 2*l + s - 7192, -3*l + 4322 = 4*s. Calculate the remainder when l is divided by 12.
10
Let z = 1127 - 1103. Calculate the remainder when 164 is divided by z.
20
Suppose 0 = -7*g + 7. Let r be 0/10 - (-5 + g). Suppose -r*n + 60 = 5*j, 0*n - 3*j = -4*n + 28. Calculate the remainder when 26 is divided by n.
6
Suppose 3*y - 112 + 40 = 0. Let i = y - 35. Let f = 22 + i. Calculate the remainder when 21 is divided by f.
10
Let g(c) = 5*c - 9. What is the remainder when 109 is divided by g(4)?
10
Suppose 5*j - 5*u = -15, -6*j + 2*u = -2*j + 10. Let f(y) = y**3 + 2*y**2 - 6*y - 5. Calculate the remainder when 12 is divided by f(j).
5
Suppose -2*q + 10 = -6. What is the remainder when (-12)/16 + 102/q is divided by 5?
2
Suppose 178 = 2*c + 4*u, -u = -4 + 7. What is the remainder when c is divided by (2/(-6))/(1/(-21))?
4
Suppose 3*k + 224 = 5*k + 3*y, -534 = -5*k - y. What is the remainder when k is divided by 41?
24
Let u(v) = 32*v**2 + 16*v + 12. Calculate the remainder when u(-4) is divided by 77.
75
Suppose 0*k = 5*y - 2*k - 12, 0 = -3*y - 5*k + 32. Suppose 5*j + c - 85 = 50, 108 = y*j - 5*c. Calculate the remainder when j is divided by 15.
12
What is the remainder when 49 is divided by (-810)/(-120)*8/3?
13
Let v = 86 - 24. Let s = v - -39. What is the remainder when s is divided by (-72)/(-18) + (-2)/1 + 32?
33
Let p be (0/(-2) -